32
Calculate (191 - 250) + (6 - 1) + (2 - -4).
-48
Calculate 165 + -227 + (43 - -3).
-16
What is (-7 - 5) + -7 + (-1 - -5 - 7)?
-22
-43 + 124 + (-87 - -5)
-1
Calculate (-50 + 21 - -46) + -4 + -79.
-66
What is -2 + 56 - (2 + 5 + (-42 - -55) - 12)?
46
Evaluate 1 + (7 - (-42 - (13 + -7))) - (0 + -8).
64
Evaluate 97 + (-33 - -6) + (-11 - -16 - 5).
70
Calculate 36 - (-35 - -105 - (-9 - -20)).
-23
(75 - -105 - 183) + -25 + 0 + -1
-29
Evaluate -52 - -81 - (-40 - (-12 + 30)).
87
Calculate (-6 - ((9 - 8) + (-1 - 0))) + -12.
-18
Calculate -175 - -289 - (163 - 68).
19
Evaluate -109 - (34 + -30 + -55).
-58
-129 + 222 + -67 - 81
-55
What is 31 + 0 - (8 - 2) - ((-20 - -11) + 18)?
16
What is -108 + (-110 - 7 - -132 - (18 + -1))?
-110
50 + 4 + (1 - -3) + -3 + 4
59
(2 - (-1 - -45)) + -2 + (57 + 152 - 201)
-36
Evaluate -1 + -6 + (-14 - (-6 + 0) - (-321 + 285)).
21
What is the value of -18 + -2 + 115 + -80?
15
What is -107 + 102 + -55 - -49?
-11
What is (-33 - (7 - (4 + -4))) + 0 + (-5 - -13)?
-32
What is -33 + 78 + -61 + 34?
18
What is -37 + -8 + 10 + 16 + -22 + -1?
-42
What is the value of -88 + 34 + -2 - -34?
-22
4 + -72 - (-43 - (39 + -56))
-42
What is 28 - (-53 - -37) - (6 - -5)?
33
What is the value of -356 + 335 + -2 + -1 + 11 - (-127 + 1)?
113
What is 5 + -8 - (-7 - -2 - 3 - 21)?
26
What is the value of 30 - 6 - -8 - ((2 - 5) + (2 - 0))?
33
(16 + -8 - -8) + -12 - (-48 - 4)
56
-6 + (-32 + 21 + -13 - -1)
-29
What is the value of -19 - (40 - (5 + 40))?
-14
(9 - 14) + (2 - 56) + 211 + -187
-35
8 + -47 - (-8 + -2 - -20) - 5
-54
What is the value of -31 - (-105 + 86) - (2 - (3 + -4))?
-15
Calculate (-2 - 59) + 9 - (265 + -268).
-49
(-2 - -8 - 4) + (12 - -11) + 10
35
What is -9 + -23 + (29 - 4) + (3 - 2)?
-6
Evaluate -1 + 39 + (3852 - 3860).
30
What is -17 + 14 + (15 - 31) + -3 + -7?
-29
-28 + -4 + -7 + 51
12
0 - 11 - -5 - (-5 - (45 - -5))
49
Evaluate -101 - (-100 + 23 + 19).
-43
Calculate -28 - (34 - 14 - (49 - 33) - (-1 - -3)).
-30
(-30 - (-43 + 12 + 13)) + -11 + 1
-22
What is -26 - (-55 - (-125 + 53))?
-43
What is (17 - -57) + -32 - 73 - (-2 - 18)?
-11
What is the value of 37 + 75 + -10 + -29?
73
What is (-38 - 16) + (12 - (-7 - -2))?
-37
What is (5 + 2 + 1 - -13) + 16 + -28?
9
-16 + (4 - -15) + 13
16
Calculate 0 + 4 - (78 + (-7 - -18) + -2 + -13).
-70
-21 + -21 + 1 + (216 - 170) - 1
4
Evaluate 24 + -3 + -1 + -32 + 37.
25
Evaluate 4 - (0 - 14 - -8) - (-4 - -26).
-12
What is -60 + (60 - 22) + -26 + 3 + 3?
-42
Evaluate (-1 - -16 - -24) + -57.
-18
What is the value of -59 - (-3 + 34 - 42)?
-48
Evaluate -58 + -137 + (11 - -287).
103
11830 + -11661 - (117 - 1)
53
What is 2 + 50 - (-26 + 40) - -22?
60
Evaluate (2 - 10) + (3 - (32 + -17)) + (-2 - -40).
18
Evaluate 15 + (-16 - (-39 - 2)) + -40 - (-95 - 0).
95
Calculate (13 - 90) + -71 - -126.
-22
What is (6 - 14) + 11 + (1 + 1 - -32)?
37
What is the value of 3689 + -3606 + (-111 - -1)?
-27
What is the value of (15 - -3) + -22 + (-24 - -43)?
15
Calculate -121 - (-11 + (-151 - -38)).
3
Calculate (1 - 4) + (19 + -57 - -39) + -102 + 1.
-103
What is the value of (1 + 5 - -10) + (28 - 24) + -2?
18
-47 - (2 - -19) - -81
13
Evaluate ((0 - -5) + -9 - 32) + 353 + -343.
-26
Calculate 5 - (4 - 47) - (-2 - 23 - (297 - 319)).
51
Calculate -55 - (-7 - -1 - (199 + -219)).
-69
Calculate -34 + 2 - ((7 - (9 - 1) - -11) + 5).
-47
39 + -17 + -43 + (-71 - -15)
-77
Calculate (-5 - (-11 + 1 + 12)) + -9 + -1.
-17
Evaluate (-2 - 4 - (-23 - (15 + (-21 - -1)))) + 71.
83
-43 - (7 - (-15 + 3 - -3))
-59
What is 20 - 0 - ((-17 - -48) + -34)?
23
0 - -51 - -7 - -8 - (-59 - -59)
66
-63 + 0 + (72 + -27 - 66)
-84
Evaluate 65 + 8 + -43 - 22.
8
What is the value of 2 + (-10 - -13 - 0) + 8 - (7 - -75)?
-69
-87 + -3 + (-9 - (13 + -11)) + 8 + -12
-105
Evaluate -6 + 1 - -15 - ((-24 - -24) + -24 - 50).
84
What is the value of (-49 - -26 - 28) + 74?
23
What is 36 - (-3 + (20 - (12 - 5)) + -1)?
27
What is -8 + (-44 - (-30 + (-11 - -16)))?
-27
Evaluate (-4 - -45) + 0 + -434 + 420.
27
What is (-343 - -440) + -27 + -12?
58
What is the value of (270 - 189) + 12 + -26?
67
-86 - (-54 + -19 + 18)
-31
What is -116 + (-182 + 216 + (-19 - 3) - 5)?
-109
(44 - 12) + (-12 - (-27 - 4 - 0))
51
What is -8 - 112 - (0 + 9 + -258 + 243)?
-114
Evaluate (-47 - (-19 + 12) - -3) + 7.
-30
What is -20 - (2464 - 2471 - ((-1 + 1 - -1) + -5))?
-17
Calculate -62 + 5 - -55 - 52.
-54
What is 73 + -92 + (-7 - -49) + 91?
114
Evaluate (308 - 306) + -2 + (-3 - -4) + 39.
40
-1 - -5 - (-7 + 4 - ((-4 - -18) + -16))
5
Calculate (-109 - -68) + (-4 - -2 - 3) + 6.
-40
What is the value of -9 - -2 - (7 + 92) - (219 - 243)?
-82
What is 65 - -24 - -17 - 204?
-98
What is 1 + 3 + -1 + (-98 + 18 - -99)?
22
(2 - (31 + 2)) + (101 - 95) - -17
-8
What is the value of 7 - (45 + (-26 - -73))?
-85
(1 - (-3 - (25 - 1))) + (-13 - -2)
17
What is 1134 + -1144 + 2 + 0 + -7?
-15
What is -8 + -12 + (34 - (42 - 14))?
-14
3 + -5 + 3 - ((-15 - -12) + 10 + 68)
-74
Evaluate 11 + (-33 - -11) + 24 - -1.
14
What is the value of 41 - (-34 - -28 - (1 - 1) - -9 - 3)?
41
Evaluate 28 + -42 + (-2 - (-24 - (2 + 5))).
15
Calculate (-28 - 59 - -43) + -14.
-58
What is (17 - (1 + 2)) + 18 + (-46 - 7)?
-21
What is 4 - (15 - 27 - -25) - 99?
-108
30 + (-3 + -9 - (-27 - -19)) + 1
27
Evaluate -84 + -30 + 219 - 65.
40
-43 + 0 + (4 - 0) + -17 + 26
-30
What is 54 - ((-120 - -122) + 4 + -7 + -8)?
63
(-9 - -28) + -49 - 17
-47
What is the value of 50 + 25 + -6 + 2 + -5?
66
What is the value of -1 + -1 - 1 - (-66 + (65 - -78))?
-80
What is -119 + 19 + -163 + 125?
-138
Evaluate (-2 - (-2 + -4)) + 2 + 3 + (-14 - 16).
-21
Evaluate -7 + (-11 - (-13 - (-6 - -13 - 15))) - 13.
-26
Evaluate 6 + (-1 - 5) + (10 - 6 - -46) + 7.
57
Calculate ((-15 - -14) + 4 - -6) + 10 + -87 + 8.
-60
What is (54 - (78 + -29)) + -54 + (-3 - (-2 - 1))?
-49
What is (-49 - (-66 - 18)) + -133?
-98
What is (18 - ((5 - -7) + -1)) + -79 + (-1 - -7)?
-66
What is the value of (1 + (63 - 22) - -24) + 26?
92
(5 - -21 - (197 - -3)) + (0 - -15 - -1)
-158
What is the value of 2 + 15 + -107 + -79 + 223?
54
Calculate (-3 - -1) + 38 + -22 + 19 + -10.
23
Calculate (-26 - 0) + -1 + 6088 + -6108 - -17.
-30
What is the value of 66 - -9 - (-143 + 156) - -36?
98
186 + (21 - 95) + -35
77
Evaluate (6 - 87) + -12 - (-43 - (-31 - 0)).
-81
-41 + 1 + 19 + 97 + 73
149
15 + (1 - 1) + -2 + (-1827 - -1801)
-13
Calculate 167 + -10 + 0 + -21 + -5.
131
-4 + (-4 - -2 - -2) - (-2 + (-9 - 7))
14
-3 + -58 + (3 - (-14 + -3 - -17))
-58
Calculate (-65 - -360) + -278 - (-24 + (1 - 3)).
43
Calculate 21 - (-7 + -2 - -48) - (-93 - 6).
81
Calculate (1 - 65) + 8 + 36.
-20
What is the value of -42 - (-13 - (0 - 3) - (-44 + (18 - -29)))?
-29
Evaluate 52 - (21 - -38) - (-1 + -3) - (2 - 52).
47
Evaluate -13 - (-15 + (12 - 14) + 16) - -3.
-9
Evaluate 56 - (54 - (102 + -78)).
26
What is -9 - 71 - (7 - (15 - (-6 - -21)))?
-87
What is (4 - (-36 - -32)) + (-26 - -5) + 1 + 9?
-3
What is the value of (18 - 31) + -4 - 9 - 0?
-26
54 + -18 + -33 - 14
-11
What is the value of 80 - (25 + (-3 + -18 - -12))?
64
-216 + 125 - (8 + -13 + -38)
-48
What is the value of 17 + 24 - (7 - 48)?
82
Evaluate (2 + -55 - -2 - -1) + 77 + (357 - 421).
-37
What is -41 + -7 + (-2 - -34) + 11 + -25 + -18?
-48
What is the value of (-166 - -119) + 2 + -6 + 10?
-41
What is 483 - 477 - (-33 + -2)?
41
(7 - 19) + 138 + -32 + -17 - 16
61
Evaluate (8 - -12 - -4) + -2 + (2 - (-1 - -13)).
12
Evaluate 40 - (106 - (72 - 42)).
-36
(-28 - ((-1 - -2) + -11)) + 3
-15
What is the value of (-169 - -166) + 82 + 0 - (47 - 31)?
63
Calculate (46 - -27) + -90 + (-3 - -4 - -2).
-14
Calculate 3 - -24 - -5 - (-82 - -33 - -21 - -43).
17
13 - (12 - (-12 + (-2 - 3) + 95) - -4)
75
0 - -4 - 8 - (-51 - (-15 - 41))
-9
Calculate -53 - (20 - (-4 - 10)).
-87
-30 - (-5 - 9) - (2 - (74 + -7))
49
What is the value of -20 - (-14 + (-4 - 31) + -21)?
50
What is the value of -30 + (-41 - -104) - 16?
17
Calculate -131 + (15 - -83) + 49.
16
What is 106 + ((-69 - -37) + 19 - (-7 + -2))?
102
What is the value of 53 - 53 - 35 - -5?
-30
-1 - (-4 - (-3 + -25))
-25
Calculate (-10415 - -10224) + (125 - -2).
-64
What is -15 - 2 - -4 - (-317 - -279)?
25
What is the value of (-1 - 2) + -1 + 0 + -274 + 281 + -11?
-8
What is the value of 29 + (21 + -44 - -42)?
48
Evaluate (-15 - -16) + (-94 - -1) - (72 + -119 + 35).
-